119 and 14.
7
Calculate the greatest common divisor of 1808 and 113.
113
Calculate the highest common factor of 30 and 10.
10
What is the greatest common divisor of 1300 and 5?
5
What is the highest common divisor of 1173 and 69?
69
Calculate the highest common divisor of 46 and 368.
46
Calculate the greatest common factor of 7540 and 6409.
377
What is the highest common factor of 11 and 187?
11
What is the greatest common factor of 174 and 4292?
58
What is the greatest common factor of 16 and 5864?
8
Calculate the greatest common factor of 2596 and 44.
44
What is the greatest common divisor of 34 and 9418?
34
Calculate the highest common divisor of 21 and 651.
21
What is the highest common factor of 4 and 388?
4
What is the greatest common divisor of 702 and 52?
26
Calculate the highest common divisor of 102 and 1194.
6
What is the greatest common divisor of 430 and 40?
10
Calculate the highest common factor of 126 and 28.
14
What is the greatest common factor of 47 and 2773?
47
What is the highest common divisor of 9 and 81?
9
Calculate the greatest common factor of 216 and 768.
24
What is the greatest common divisor of 58 and 3712?
58
What is the greatest common factor of 6 and 30?
6
What is the highest common factor of 40 and 140?
20
Calculate the greatest common factor of 938 and 203.
7
Calculate the highest common divisor of 24 and 888.
24
Calculate the highest common divisor of 265 and 689.
53
What is the highest common factor of 25410 and 126?
42
Calculate the greatest common divisor of 486 and 3.
3
Calculate the greatest common divisor of 8 and 28.
4
Calculate the greatest common factor of 41 and 13243.
41
Calculate the highest common divisor of 56 and 280.
56
Calculate the highest common divisor of 60 and 89220.
60
What is the greatest common factor of 12 and 852?
12
What is the greatest common factor of 7705 and 69?
23
Calculate the greatest common divisor of 371 and 7.
7
What is the greatest common factor of 396 and 220?
44
Calculate the highest common factor of 2 and 295.
1
Calculate the greatest common divisor of 35 and 3.
1
Calculate the highest common factor of 14500 and 180.
20
What is the greatest common factor of 10 and 45?
5
What is the greatest common divisor of 130 and 490?
10
What is the highest common factor of 5720 and 308?
44
What is the greatest common factor of 76 and 2926?
38
Calculate the highest common factor of 26 and 2171.
13
Calculate the greatest common divisor of 84 and 8764.
28
Calculate the highest common factor of 174 and 7018.
58
What is the greatest common factor of 54348 and 84?
84
What is the highest common divisor of 84 and 2114?
14
Calculate the greatest common factor of 20 and 660.
20
What is the greatest common factor of 116 and 783?
29
What is the greatest common factor of 8635 and 1413?
157
What is the highest common factor of 6741 and 63?
63
What is the highest common factor of 1105 and 85?
85
Calculate the highest common factor of 8 and 76.
4
What is the greatest common divisor of 124 and 558?
62
What is the highest common divisor of 1 and 25?
1
Calculate the greatest common factor of 2119 and 1304.
163
What is the greatest common divisor of 228 and 988?
76
What is the greatest common factor of 10934 and 426?
142
Calculate the highest common factor of 19 and 95.
19
What is the highest common factor of 120 and 210?
30
What is the highest common divisor of 546 and 504?
42
What is the highest common factor of 24284 and 52?
52
What is the greatest common factor of 291 and 1843?
97
What is the greatest common factor of 81 and 54?
27
Calculate the highest common factor of 117 and 13.
13
What is the greatest common divisor of 2408 and 40?
8
What is the highest common factor of 4719 and 169?
13
What is the highest common divisor of 192 and 24?
24
What is the greatest common factor of 371 and 159?
53
Calculate the highest common factor of 660 and 60.
60
Calculate the highest common factor of 49 and 6419.
49
Calculate the highest common factor of 99 and 979.
11
What is the greatest common factor of 31 and 4867?
31
What is the greatest common factor of 105 and 770?
35
Calculate the greatest common factor of 122 and 1342.
122
What is the highest common factor of 78 and 312?
78
What is the highest common divisor of 36 and 477?
9
Calculate the highest common divisor of 516 and 36.
12
Calculate the highest common divisor of 2159 and 221.
17
Calculate the highest common divisor of 5069 and 137.
137
Calculate the highest common divisor of 2 and 25.
1
Calculate the greatest common factor of 30 and 1010.
10
Calculate the greatest common divisor of 2205 and 357.
21
Calculate the highest common factor of 141 and 8601.
141
What is the greatest common divisor of 237 and 19039?
79
Calculate the greatest common factor of 597 and 3.
3
What is the highest common factor of 86 and 43?
43
Calculate the greatest common divisor of 14 and 41.
1
Calculate the greatest common factor of 48 and 2480.
16
Calculate the greatest common divisor of 231 and 546.
21
What is the highest common divisor of 676 and 39?
13
What is the greatest common divisor of 2468 and 8?
4
What is the highest common divisor of 162 and 1053?
81
What is the highest common factor of 33 and 1221?
33
Calculate the highest common factor of 1280 and 10.
10
What is the highest common divisor of 576 and 2368?
64
What is the greatest common divisor of 1053 and 78?
39
Calculate the greatest common factor of 56 and 120.
8
Calculate the highest common divisor of 56 and 252.
28
What is the greatest common factor of 18 and 92034?
18
What is the greatest common divisor of 19 and 54359?
19
Calculate the highest common factor of 144 and 1980.
36
Calculate the highest common factor of 350 and 14.
14
Calculate the greatest common factor of 50 and 3750.
50
What is the greatest common factor of 968 and 216?
8
Calculate the greatest common factor of 1276 and 87.
29
What is the greatest common factor of 6 and 2031?
3
What is the highest common factor of 352 and 188?
4
What is the highest common factor of 24 and 12?
12
What is the highest common factor of 78 and 15483?
39
Calculate the greatest common factor of 63 and 81.
9
Calculate the highest common factor of 80 and 80.
80
What is the greatest common factor of 304 and 10184?
152
Calculate the greatest common divisor of 24 and 784.
8
What is the highest common factor of 89 and 267?
89
Calculate the highest common factor of 385 and 165.
55
What is the greatest common divisor of 1496 and 12?
4
Calculate the highest common factor of 1919 and 456.
19
Calculate the highest common factor of 14 and 700.
14
What is the greatest common factor of 2684 and 427?
61
Calculate the highest common divisor of 221 and 17.
17
What is the greatest common factor of 1799 and 49?
7
What is the highest common factor of 921 and 3?
3
What is the highest common divisor of 186 and 1736?
62
Calculate the highest common factor of 45056 and 64.
64
Calculate the highest common divisor of 124 and 1984.
124
Calculate the greatest common factor of 143 and 299.
13
Calculate the greatest common divisor of 4 and 9.
1
Calculate the highest common divisor of 2144 and 16.
16
What is the greatest common divisor of 477 and 106?
53
What is the greatest common divisor of 2091 and 51?
51
What is the greatest common factor of 2189 and 4577?
199
What is the greatest common divisor of 82452 and 12?
12
What is the greatest common divisor of 6 and 1527?
3
Calculate the greatest common factor of 18 and 549.
9
Calculate the highest common factor of 1089 and 9.
9
Calculate the highest common divisor of 306 and 198.
18
What is the greatest common factor of 64026 and 18?
18
What is the highest common factor of 1498 and 1926?
214
What is the highest common divisor of 5 and 235?
5
What is the highest common factor of 1424 and 89?
89
Calculate the greatest common divisor of 5 and 227.
1
Calculate the greatest common factor of 3298 and 97.
97
Calculate the highest common divisor of 154 and 14.
14
Calculate the greatest common divisor of 75 and 60.
15
Calculate the highest common divisor of 1326 and 78.
78
What is the greatest common divisor of 2300 and 50?
50
Calculate the greatest common divisor of 1141 and 56.
7
What is the highest common divisor of 182 and 1547?
91
Calculate the 